i(-19).
7901
Suppose 82*d - 145*d = -657216. What are the prime factors of d?
2, 163
Let i be 8/(-20) - 5/(25/(-87)). Let y(q) = -4 - i - 13*q - 44. List the prime factors of y(-23).
2, 3, 13
List the prime factors of 28/4 - 1/((-3)/113664).
5, 11, 13, 53
Suppose -v + 2*v = 66. Let o = 403 + -244. What are the prime factors of o/33 + 12/v?
5
Suppose 10*p = -10*p - 840. List the prime factors of p/(-252) + 1918/12.
2, 5
Let w be (-45)/18 + 6798/(-12). Let v = -331 - w. List the prime factors of v.
2, 7, 17
Let u be (1/(-3))/(7/(-525)). Suppose 15630 = u*b + 5*b. What are the prime factors of b?
521
Suppose 3*x + 70 = 13*x. Let a(t) = -7*t**2 - 8 + 8*t**2 + 7*t - x*t. What are the prime factors of a(5)?
17
Suppose 5*r + 3403 = 4*f, -f = 3*r - r - 854. Suppose 192 = -4*k + f. What are the prime factors of k?
3, 5, 11
Suppose 0 = -2*g + 184 + 206. Suppose 3*j + 70 = -281. Let k = g + j. What are the prime factors of k?
2, 3, 13
Let g(f) = 190*f**2 - 7*f + 121. What are the prime factors of g(7)?
2, 4691
Suppose -27*s - 78498 = -41*s. List the prime factors of s.
3, 7, 89
Suppose 8*q - 5*q = j + 11407, 0 = -q - 2*j + 3807. List the prime factors of q.
3803
Suppose p + 4*l - 79 = 0, 0 = 8*p - 9*p - 2*l + 77. Let a = -70 + p. Suppose 0 = a*q - s - 487, 211 = 4*q - 2*q + 5*s. List the prime factors of q.
2, 7
Let l be (-4 - 3 - -5)*(-38)/(-4). List the prime factors of (-2 - (-3208)/4) + (-19)/l.
3, 89
Let i = 9780 - -23166. What are the prime factors of i?
2, 3, 17, 19
Let t = 149874 + -75658. What are the prime factors of t?
2, 9277
Let w = -2493 + 7194. What are the prime factors of w?
3, 1567
Let i(p) = 97*p**2 + 219*p - 22. List the prime factors of i(-7).
2, 3, 13, 41
Suppose r - 4*z + 3 = 0, -2*r + 54 = 5*z - z. Let a = r - -3. Suppose 0*x = -5*t + x + a, -3*x + 5 = -2*t. List the prime factors of t.
5
Let i = 9526 + -7226. What are the prime factors of i?
2, 5, 23
What are the prime factors of ((-6)/(-12))/(201966/(-1009980) + 2/10)?
3, 31, 181
Let d(a) = -5*a - 6. Let i be d(-2). Suppose -i*n + 162 = 106. What are the prime factors of n?
2, 7
List the prime factors of ((-2)/(-57))/((-21)/(-63)) + 1594922/133.
2, 1499
Suppose -140 - 862 = -2*r. Let n = r - -2. What are the prime factors of n?
503
Let h(p) = -14889*p**3 - 4*p**2 - 10*p - 6. What are the prime factors of h(-1)?
3, 7, 709
Suppose -626 = 2*o + 366. Let c = o + 708. Suppose -j = -2*v - v + 616, 2*j + c = v. What are the prime factors of v?
2, 3, 17
Let h(g) = -2*g - 42. Let w be h(-10). List the prime factors of (-6354)/w + (-72)/(-396).
17
Suppose 0 = -2*c + g + 10, -3*c - 3*g + 41 = 8. Let r = c + 2. What are the prime factors of r?
3
Suppose -6*d + 12627 = -17619. List the prime factors of d.
71
Let i be 3*(-3)/21 + 48/14. Suppose -c + i*r = -366, 0 = -r - 1. Suppose -6*t - c = -9*t. What are the prime factors of t?
11
Suppose 0 = -4*g + 87 + 1093. Suppose 0 = -2*i - 5*x + g, 3*i + i + 4*x = 620. What are the prime factors of i?
2, 5
What are the prime factors of (-2)/24 + 3*47215893/2052?
69029
Suppose 0 = -314*v + 316*v - 4*r - 13316, 5*r = 3*v - 19977. List the prime factors of v.
2, 7, 17
Let k(f) = 2*f**3 + 3*f**2 - 4*f. Let h be k(5). Let j = h + -165. Suppose 3*u - 127 = j. What are the prime factors of u?
89
Let h = -323 + 528. Let l = 54 + -94. Let n = l + h. What are the prime factors of n?
3, 5, 11
Let a(u) = -2*u - 12. Let f be a(-7). Suppose 3*x + 4 + f = 0. What are the prime factors of -4 - (-3 - (0 + x)) - -28?
5
Suppose 4*v + 4 = -b + v, 0 = -3*b + 5*v + 44. Suppose y + b = -3*y. What are the prime factors of 6/18 - -257*y/(-6)?
2, 43
Let f(z) = -z**2 + 7*z - 18. Let h be f(6). What are the prime factors of ((-4)/h)/(10/12)*235?
2, 47
Let m(b) = 332*b**2 + 14*b - 29. What are the prime factors of m(2)?
1327
Suppose -4*i = -3*f - 13, -2*f - 10 = -i - 3. Let t be (i - -2) + -2 + -1 + 401. Suppose -3*k = 2*o - t, 2*k = -o + 3*k + 188. List the prime factors of o.
193
List the prime factors of (-48)/20*64580/(-8).
2, 3, 3229
Let s(i) = 278*i**2 + 371*i**2 + 9*i - 95*i**2 - 62 + 53 - 98*i**2. What are the prime factors of s(1)?
2, 3, 19
Let o = -438 - -412. List the prime factors of ((-2082)/4)/((-299)/o + -12).
3, 347
Let o be 4/15*42/28*10. Suppose -2*k - o*g = k - 2491, -4*k = -5*g - 3342. What are the prime factors of k?
7, 17
Suppose 0 = -2*u + 4*k - 1604, 0*u - 3*u - 5*k = 2417. Let o = u + 1210. What are the prime factors of o?
2, 7, 29
Let r = 71271 - 24938. What are the prime factors of r?
7, 6619
Suppose -3*d = 22 - 61. Suppose 2 = -g - 3*p - d, -2*p - 20 = 4*g. Let c = 14 - g. List the prime factors of c.
17
List the prime factors of (-2994719)/(-35) - -19*(-34)/1615.
3, 3169
Let v = 90774 + -35637. List the prime factors of v.
3, 18379
Suppose 0 = -7*h + 1675 + 257. What are the prime factors of h?
2, 3, 23
Let k = -47 + 49. Suppose 3*v - 3*s = -k*s + 10, 0 = -4*s - 4. What are the prime factors of (-2)/v*(-387)/6?
43
Let i = -5266 - -11292. What are the prime factors of i?
2, 23, 131
Suppose 0 = 84*i - 74*i - 8350. Let n = i + -569. List the prime factors of n.
2, 7, 19
Let b be (-5710)/(-1) - -11 - 1*3. Suppose 0 = -7*x + b + 4460. List the prime factors of x.
2, 727
Let x(g) = 342*g**2 + 156*g + 945. List the prime factors of x(-6).
3, 37
Let n = -335 - -391. List the prime factors of (-1420)/(-2) - 7/(n/(-16)).
2, 89
Suppose -2*q + 1598 = 2*a, 0 = -6*q + 4*q + 4. List the prime factors of a.
797
Let j(d) = -29*d**3 + 5*d**2 + 30*d + 2. Let u be j(-4). Suppose -6*h + 6378 = u. What are the prime factors of h?
2, 5, 19
Let a = 14233 + -5236. What are the prime factors of a?
3, 2999
Suppose 7*s + 390 = 12*s. Let i = s - -571. What are the prime factors of i?
11, 59
Let m = 130608 - 80898. List the prime factors of m.
2, 3, 5, 1657
Suppose 0 = 8*s - 7*s - 910. Suppose 2*p - 9*p = s. Let q = p - -266. List the prime factors of q.
2, 17
Let y = 12032 + 9089. List the prime factors of y.
21121
Suppose 4*p + 1206 = 2*f, p = -1 - 0. Let j = -396 + f. What are the prime factors of j?
5, 41
Let y(w) = 64*w**3 + 17*w**2 - 70*w - 10. What are the prime factors of y(8)?
2, 11, 17, 89
List the prime factors of ((-111)/333)/(2/(-30)) + 738.
743
What are the prime factors of 28486 + 0 + 13/(208/(-96))?
2, 5, 89
Let s be -18 + ((-36)/6)/(4/2). Let g be 112/s*9/6. List the prime factors of 0 - (g + 4 + -35).
3, 13
What are the prime factors of (-554904)/(-231) - 4/22?
2, 1201
Let t = 32558 - 19693. List the prime factors of t.
5, 31, 83
Suppose 0 = 2*w + 2*w, -2*d = 3*w + 6. What are the prime factors of (-20)/d*(-1116)/(-24)?
2, 5, 31
Let t(y) = -y**2 + 21*y - 32. Let g be t(19). Suppose g*i - 1550 = 538. What are the prime factors of i?
2, 3, 29
Suppose -886 = -8*w - 142. Let i = -130 + w. Let m = -12 - i. List the prime factors of m.
5
Suppose -p - 6 = -0*x - x, 3*x - p - 20 = 0. Suppose 9*t = x*t + 4. Suppose 0 = 2*z - t - 86. List the prime factors of z.
2, 11
Let q(r) = 7*r**2 - 196*r + 101. What are the prime factors of q(52)?
8837
Suppose -13*k + 2*k + 440 = 0. Let m be (10/k)/(2/536). Let x = -49 + m. What are the prime factors of x?
2, 3
Suppose -o + c = -6*o + 4, -o + 12 = 3*c. Suppose -19*d - 2*d + 45192 = o. Suppose -15*i + 7*i = -d. What are the prime factors of i?
269
Let k(s) = -12*s**3 + 2*s**2 - 1. Let o(y) = -12*y + 34. Let f be o(3). What are the prime factors of k(f)?
103
Suppose -4*i - 4*q + 1171 = -i, -4*i + 1548 = 2*q. Let v(s) = -s**3 + 3*s**2 + 3*s - 4. Let h be v(3). Suppose -h*t + i = -155. What are the prime factors of t?
2, 3
Let a(y) = -2*y**3 - 154*y**2 - 95*y - 257. List the prime factors of a(-77).
2, 3529
Let h(s) be the second derivative of -2*s**3/3 + 4*s**2 + 2*s - 1. Let d be h(0). Suppose -15*j + 483 = -d*j. What are the prime factors of j?
3, 23
Let o be (-12294)/(-10) + 14/(-10) + 1. Let n = o - 686. List the prime factors of n.
3, 181
Suppose 12028 = 7*s - 2560. List the prime factors of s.
2, 521
Let y(i) = i**3 - i**2 - i. Let x be y(2). Suppose -33*k = 6712 - 22816. Suppose -2*q - x*s = 2*s - 468, s = 2*q - k. What are the prime factors of q?
2, 11
Let i(u) = 2036*u - 985*u - 10 - 1007*u - 2. Suppose v + 3 + 7 = 2*r, r = -2*v. List the prime factors of i(r).
2, 41
Let t(o) = 19*o + 383. Let y be t(-9). Let f(h) = -8*h**